{"id":672,"date":"2023-04-06T10:45:17","date_gmt":"2023-04-06T08:45:17","guid":{"rendered":"https:\/\/sibilla1.iglobalia.es\/?post_type=product&#038;p=672"},"modified":"2023-05-29T17:46:28","modified_gmt":"2023-05-29T15:46:28","slug":"numeros-de-madera","status":"publish","type":"product","link":"https:\/\/sibilla.es\/cat\/product\/numeros-de-madera\/","title":{"rendered":"N\u00fameros  de  fusta"},"content":{"rendered":"<p>\u00datils   per   personalitzar   el   regal   amb   un   text   o n\u00fameros  d\u2019aniversari.<\/p>\n<p>Indica a la teva comanda el n\u00famero que necessites.<\/p>","protected":false},"excerpt":{"rendered":"<p>\u00datils   per   personalitzar   el   regal   amb   un   text   o n\u00fameros  d\u2019aniversari.<\/p>\n<p>Indica a la teva comanda el n\u00famero que necessites.<\/p>","protected":false},"featured_media":673,"comment_status":"open","ping_status":"closed","template":"","meta":[],"product_cat":[36,47],"product_tag":[],"class_list":["post-672","product","type-product","status-publish","has-post-thumbnail","hentry","product_cat-complementos","product_cat-sibilla"],"_links":{"self":[{"href":"https:\/\/sibilla.es\/cat\/wp-json\/wp\/v2\/product\/672","targetHints":{"allow":["GET"]}}],"collection":[{"href":"https:\/\/sibilla.es\/cat\/wp-json\/wp\/v2\/product"}],"about":[{"href":"https:\/\/sibilla.es\/cat\/wp-json\/wp\/v2\/types\/product"}],"replies":[{"embeddable":true,"href":"https:\/\/sibilla.es\/cat\/wp-json\/wp\/v2\/comments?post=672"}],"version-history":[{"count":0,"href":"https:\/\/sibilla.es\/cat\/wp-json\/wp\/v2\/product\/672\/revisions"}],"wp:featuredmedia":[{"embeddable":true,"href":"https:\/\/sibilla.es\/cat\/wp-json\/wp\/v2\/media\/673"}],"wp:attachment":[{"href":"https:\/\/sibilla.es\/cat\/wp-json\/wp\/v2\/media?parent=672"}],"wp:term":[{"taxonomy":"product_cat","embeddable":true,"href":"https:\/\/sibilla.es\/cat\/wp-json\/wp\/v2\/product_cat?post=672"},{"taxonomy":"product_tag","embeddable":true,"href":"https:\/\/sibilla.es\/cat\/wp-json\/wp\/v2\/product_tag?post=672"}],"curies":[{"name":"wp","href":"https:\/\/api.w.org\/{rel}","templated":true}]}}