{"id":425,"date":"2023-03-06T21:31:22","date_gmt":"2023-03-06T19:31:22","guid":{"rendered":"https:\/\/sibilla1.iglobalia.es\/?post_type=product&#038;p=425"},"modified":"2024-02-23T12:24:53","modified_gmt":"2024-02-23T10:24:53","slug":"composicion-aromatica-venecia","status":"publish","type":"product","link":"https:\/\/sibilla.es\/cat\/product\/composicion-aromatica-venecia\/","title":{"rendered":"Composici\u00f3 Arom\u00e0tica Ven\u00e8cia"},"content":{"rendered":"<p>Composici\u00f3 Arom\u00e0tica Ven\u00e8cia<\/p>\n<p>Cistella     amb    diferents    plantes    arom\u00e0tiques    com    el    roman\u00ed,    farigola, menta,  alf\u00e0brega,  esp\u00edgol,  curry,  s\u00e0lvia,  ruda  o  Ma  Llu\u00efsa,  entre  d\u2019altres<\/p>","protected":false},"excerpt":{"rendered":"<p>Composici\u00f3 Arom\u00e0tica Ven\u00e8cia<\/p>\n<p>Cistella     amb    diferents    plantes    arom\u00e0tiques    com    el    roman\u00ed,    farigola, menta,  alf\u00e0brega,  esp\u00edgol,  curry,  s\u00e0lvia,  ruda  o  Ma  Llu\u00efsa,  entre  d\u2019altres<\/p>\n<p>&nbsp;<\/p>","protected":false},"featured_media":657,"comment_status":"open","ping_status":"closed","template":"","meta":[],"product_cat":[35,47],"product_tag":[],"class_list":["post-425","product","type-product","status-publish","has-post-thumbnail","hentry","product_cat-plantas","product_cat-sibilla"],"_links":{"self":[{"href":"https:\/\/sibilla.es\/cat\/wp-json\/wp\/v2\/product\/425","targetHints":{"allow":["GET"]}}],"collection":[{"href":"https:\/\/sibilla.es\/cat\/wp-json\/wp\/v2\/product"}],"about":[{"href":"https:\/\/sibilla.es\/cat\/wp-json\/wp\/v2\/types\/product"}],"replies":[{"embeddable":true,"href":"https:\/\/sibilla.es\/cat\/wp-json\/wp\/v2\/comments?post=425"}],"version-history":[{"count":0,"href":"https:\/\/sibilla.es\/cat\/wp-json\/wp\/v2\/product\/425\/revisions"}],"wp:featuredmedia":[{"embeddable":true,"href":"https:\/\/sibilla.es\/cat\/wp-json\/wp\/v2\/media\/657"}],"wp:attachment":[{"href":"https:\/\/sibilla.es\/cat\/wp-json\/wp\/v2\/media?parent=425"}],"wp:term":[{"taxonomy":"product_cat","embeddable":true,"href":"https:\/\/sibilla.es\/cat\/wp-json\/wp\/v2\/product_cat?post=425"},{"taxonomy":"product_tag","embeddable":true,"href":"https:\/\/sibilla.es\/cat\/wp-json\/wp\/v2\/product_tag?post=425"}],"curies":[{"name":"wp","href":"https:\/\/api.w.org\/{rel}","templated":true}]}}