{"id":1346,"date":"2023-07-25T05:48:34","date_gmt":"2023-07-25T03:48:34","guid":{"rendered":"https:\/\/sibilla1.iglobalia.es\/?page_id=1346"},"modified":"2023-08-06T09:46:24","modified_gmt":"2023-08-06T07:46:24","slug":"politica-de-privacidad","status":"publish","type":"page","link":"https:\/\/sibilla.es\/cat\/politica-de-privacidad\/","title":{"rendered":"Pol\u00edtica de Privacidad"},"content":{"rendered":"<section class=\"wpb-content-wrapper\"><div      class=\"vc_row wpb_row section vc_row-fluid  grid_section\" style=' text-align:left;'><div class=\"section_inner clearfix\"><div class='section_inner_margin clearfix'><div class=\"wpb_column vc_column_container vc_col-sm-12\"><div class=\"vc_column-inner\"><div class=\"wpb_wrapper\">\n\t<div class=\"wpb_text_column wpb_content_element\">\n\t\t<div class=\"wpb_wrapper\">\n\t\t\t<p><strong><br \/>\nResponsable del Tractament<\/strong><\/p>\n<p>&nbsp;<\/p>\n<p>L'empresa responsable del tractament de les vostres dades en virtut d'aquesta Pol\u00edtica de privacitat \u00e9s:<\/p>\n<p>SUSANNA SIBILLA BRUGUERA (FLORS SIBILLA)<br \/>\nNIF: 77606885D<br \/>\nDomicili: C\/ Sant Joan 6 08392 Sant Andreu de Llavaneres (Barcelona)<br \/>\nAdre\u00e7a de correu electr\u00f2nic: comercial@sibilla.es<br \/>\nWeb: www.sibilla.es<br \/>\nTel\u00e8fon: 93 792 60 23<\/p>\n<p>&nbsp;<\/p>\n<p>A FLORS SIBILLA, reconeixem la import\u00e0ncia de protegir la vostra informaci\u00f3 personal i estem compromesos a tractar-la amb responsabilitat i de conformitat amb les lleis de protecci\u00f3 de dades.<\/p>\n<p>Aquesta pol\u00edtica de privadesa pret\u00e9n regular tots els aspectes relatius al tractament de dades dels diferents usuaris que naveguen o faciliten les seves dades personals a trav\u00e9s dels diferents formularis situats a la web.<\/p>\n<p>&nbsp;<\/p>\n<p>&nbsp;<\/p>\n<p><strong>Dades Personals<\/strong><\/p>\n<p>Una dada personal, \u00e9s la informaci\u00f3 que us identifica o us fa identificable. A trav\u00e9s del web, a les caselles establertes a aquest efecte recollim les dades personals que l'usuari ens comunica: Nom, cognoms, correu electr\u00f2nic, tel\u00e8fon, adre\u00e7a postal, poblaci\u00f3, etc. aix\u00ed com totes aquelles dades que volunt\u00e0riament ens proporcioneu a trav\u00e9s de qualsevol de les xarxes socials de les quals l'usuari est\u00e0 registrat. En aquest cas, la privadesa dependr\u00e0 de la pr\u00f2pia configuraci\u00f3 establerta per l'usuari aix\u00ed com dels termes i condicions de la pr\u00f2pia xarxa social.<\/p>\n<p>La visita de l'usuari a la web no implica que hagi de facilitar cap informaci\u00f3 sobre les vostres dades personals. No obstant aix\u00f2, en cas de facilitar-los, les dades seran tractades de forma l\u00edcita amb subjecci\u00f3 en tot moment als principis i drets recollits al RGPD 2016\/679 de 27 d'abril de 2016 i la LOPDGDD 3\/2018 del 5 de desembre.<\/p>\n<p>&nbsp;<\/p>\n<p>&nbsp;<\/p>\n<p><strong>Finalitat, durada i legitimaci\u00f3 del tractament:<\/strong><\/p>\n<p>Les dades que l'usuari ens proporcioni les tractarem amb les finalitats seg\u00fcents:<\/p>\n<p>Atendre la sol\u00b7licitud o petici\u00f3 realitzada per l'usuari a trav\u00e9s del formulari de contacte situat a la web. Recollim i tractem les dades personals de l'usuari per poder tramitar i gestionar la vostra sol\u00b7licitud, una consulta o qualsevol petici\u00f3 que realitzeu a trav\u00e9s d'aquest formulari. Aquestes dades les conservarem durant el temps necessari per donar compliment a la vostra petici\u00f3 i durant el temps establert per la llei amb una durada m\u00ednima de 3 anys.<\/p>\n<p>La base de legitimaci\u00f3 del tractament de les dades ser\u00e0 el consentiment que atorga l'usuari en seleccionar la casella d'acceptaci\u00f3 de la nostra pol\u00edtica de privadesa abans d'enviar la petici\u00f3. L'usuari t\u00e9 dret a revocar el consentiment en qualsevol moment sense que aix\u00f2 afecti la licitud del tractament basat en el consentiment previ a<br \/>\nla seva retirada.<\/p>\n<p>Gestionar l'alta i participaci\u00f3 de l'usuari al formulari de comentaris del bloc situat a la web. Aquests comentaris seran gestionats per la plataforma WordPress. Les dades facilitades les conservarem mentre l'usuari no sol\u00b7liciti la baixa de la subscripci\u00f3 al contingut del bloc i durant el temps establert per la llei amb una durada m\u00ednima de 3 anys.<\/p>\n<p>La base de legitimaci\u00f3 del tractament de les dades ser\u00e0 el consentiment que atorga l'usuari en registrar-se a trav\u00e9s del formulari de subscripci\u00f3 al bloc i en seleccionar la casella d'acceptaci\u00f3 de la nostra pol\u00edtica de privadesa abans d'enviar la vostra sol\u00b7licitud. L'usuari t\u00e9 dret a revocar el consentiment en qualsevol moment sense que aix\u00f2 afecti la licitud del tractament basat en el consentiment previ a la seva retirada.<\/p>\n<p>Atendre i gestionar la compra realitzada per lusuari a trav\u00e9s del formulari de compra situat a la web. Recollim i tractem les dades personals de l'usuari per poder processar la comanda i el pagament posterior dels productes i serveis que s'ofereixen a la web. Aquestes dades les conservarem durant el temps que duri la relaci\u00f3 contractual entre les parts i durant el temps establert per la llei per al compliment de les obligacions fiscals.<\/p>\n<p>La base de legitimaci\u00f3 del tractament de les dades ser\u00e0 l' execuci\u00f3 d'un contracte de compravenda en qu\u00e8 l' interessat \u00e9s part. En cas que l'usuari no faciliti les vostres dades personals no es podr\u00e0 gestionar la vostra compra, no podent prestar el servei sol\u00b7licitat.<\/p>\n<p>Donar d'alta com a \u201cusuari registrat\u201d a trav\u00e9s del formulari de registre situat a la web i que permetr\u00e0 a l'usuari accedir a la seva \u00e0rea privada de serveis i informar-lo de les nostres activitats, podent remetre per qualsevol mitj\u00e0 electr\u00f2nic comunicacions comercials de les novetats dels nostres serveis . Aquestes dades les conservarem mentre l'usuari no sol\u00b7liciti la baixa del registre i durant el temps establert per la llei amb una durada m\u00ednima de 3 anys.<\/p>\n<p>La base de legitimaci\u00f3 del tractament de les dades ser\u00e0 el consentiment que atorga l'usuari en registrar-se a trav\u00e9s del formulari de registre i seleccionar la casella d'acceptaci\u00f3 de la nostra pol\u00edtica de privadesa abans d'enviar la vostra sol\u00b7licitud. L' usuari t\u00e9 dret a revocar el consentiment en qualsevol moment sense que aix\u00f2 afecti la licitud del tractament basat en el consentiment previ a la seva retirada.<\/p>\n<p>Millorar la vostra experi\u00e8ncia en navegar per la web. Aquestes dades les conservarem mentre l'usuari no revoqui el seu consentiment al seu tractament eliminant les galetes i durant el temps establert per la llei amb una durada m\u00ednima de 3 anys.<\/p>\n<p>La base de legitimaci\u00f3 per millorar la vostra experi\u00e8ncia en navegar per la web \u00e9s el consentiment que atorga l'usuari en acceptar les cookies. L' usuari t\u00e9 dret a revocar el consentiment en qualsevol moment sense que aix\u00f2 afecti la licitud del tractament basat en el consentiment previ a la seva retirada.<\/p>\n<p>Gestionar les nostres xarxes socials i enviar informaci\u00f3 sobre les nostres activitats i productes. Aquestes dades les conservarem mentre l'usuari no revoqui el seu consentiment al seu tractament i durant el temps establert per la llei amb una durada m\u00ednima de 3 anys.<\/p>\n<p>La base leg\u00edtima per gestionar les nostres xarxes socials i enviar-li les nostres activitats i novetats, \u00e9s el consentiment que ens atorga. L' usuari t\u00e9 dret a revocar el consentiment en qualsevol moment sense que aix\u00f2 afecti la licitud del tractament basat en el consentiment previ a la seva retirada.<\/p>\n<p>&nbsp;<\/p>\n<p>&nbsp;<\/p>\n<p><strong>Cessi\u00f3 o comunicaci\u00f3 de dades personals i transfer\u00e8ncies internacionals:<\/strong><\/p>\n<p>Les seves dades no es comunicaran ni seran cedides a tercers llevat que hi hagi alguna obligaci\u00f3 legal oa aquelles empreses del grup per a fins administratius i gesti\u00f3 interna, o que actuen en condici\u00f3 de coresponsables davant del tractament de les sol\u00b7licituds dels usuaris de FLORS SIBILLA.<br \/>\nEls destinataris de la informaci\u00f3 seran aquells prestadors de serveis vinculats al responsable que actuen com a encarregats del tractament.<\/p>\n<p>No es realitzen transfer\u00e8ncies internacionals, per al cas que en algun moment poguessin realitzar-se, se li comunicaran per tal d'obtenir-ne el consentiment.<\/p>\n<p>&nbsp;<\/p>\n<p>&nbsp;<\/p>\n<p><strong>Actualitzaci\u00f3 de dades<\/strong><\/p>\n<p>\u00c9s important que perqu\u00e8 puguem mantenir les dades personals actualitzades, l'usuari ens informi sempre que hi hagi hagut alguna modificaci\u00f3, en cas contrari, no responem de la seva veracitat.<\/p>\n<p>L'usuari garanteix que les dades personals facilitades s\u00f3n veraces garantint que tota la informaci\u00f3 facilitada correspon a la situaci\u00f3 real, que est\u00e0 actualitzada i \u00e9s exacta, i queda obligat a comunicar qualsevol modificaci\u00f3.<\/p>\n<p>&nbsp;<\/p>\n<p>&nbsp;<\/p>\n<p><strong>Dades de Tercers<\/strong><\/p>\n<p>Si l'usuari facilita dades de terceres persones per a qualsevol finalitat a FLORS SIBILLA, garanteix que ha obtingut aquestes dades de forma l\u00edcita, que ha informat pr\u00e8viament els afectats, obtenint el seu consentiment per comunicar-los i que la informaci\u00f3 facilitada \u00e9s exacta i vera\u00e7.<\/p>\n<p>&nbsp;<\/p>\n<p>&nbsp;<\/p>\n<p><strong>Car\u00e0cter obligatori de la informaci\u00f3 sol\u00b7licitada<\/strong><\/p>\n<p>Tots els nostres formularis compten amb un asterisc (*) a les dades obligat\u00f2ries. Si l'usuari no facilita aquests camps, o b\u00e9 no marca la casella d'acceptaci\u00f3 de la pol\u00edtica de privadesa, no es permetr\u00e0 l'enviament de la informaci\u00f3.<\/p>\n<p>&nbsp;<\/p>\n<p>&nbsp;<\/p>\n<p><strong>\u00das de les contrasenyes<\/strong><\/p>\n<p>Per poder accedir a l'\u00c0rea Privada del compte d'USUARI, l'USUARI haur\u00e0 de \u201cIniciar Sessi\u00f3\u201d i incloure l'adre\u00e7a del correu electr\u00f2nic i contrasenya generada al formulari de registre d'acord amb les regles de complexitat que s'estableixin a cada moment a la web .<\/p>\n<p>Els usuaris s\u00f3n responsables de l'adequada cust\u00f2dia i confidencialitat de qualsevol dels identificadors i\/o contrasenyes que hagin seleccionat al registre, i es comprometen a no cedir-ne l'\u00fas a tercers, ni permetre'n l'acc\u00e9s a persones alienes.<\/p>\n<p>Aix\u00ed mateix, ser\u00e0 obligaci\u00f3 de l'usuari notificar de forma immediata al Responsable qualsevol fet que permeti l'\u00fas indegut dels identificadors i\/o contrasenyes, com ara el robatori, la p\u00e8rdua, o l'acc\u00e9s no autoritzat a aquests, a fi de procedir a cancel\u00b7laci\u00f3 immediata.<\/p>\n<p>&nbsp;<\/p>\n<p>&nbsp;<\/p>\n<p><strong>Drets dels interessats:<\/strong><br \/>\nTeniu dret a accedir a les vostres dades ia obtenir confirmaci\u00f3 sobre el vostre tractament, aix\u00ed com una c\u00f2pia de les dades personals objecte de tractament. T\u00e9 dret a actualitzar-los i sol\u00b7licitar la rectificaci\u00f3 de les dades que siguin inexactes o sol\u00b7licitar la supressi\u00f3 quan les dades no siguin necess\u00e0ries per a les finalitats per a les quals van ser recollides. Podeu sol\u00b7licitar la limitaci\u00f3 en el tractament de les vostres dades i oposar-vos al tractament d'aquestes dades revocant el vostre consentiment, aix\u00ed com exercir el dret a la portabilitat de les dades. De la mateixa manera, t\u00e9 dret a no ser objecte de decisions basades \u00fanicament en el tractament automatitzat de les dades personals. Podeu exercir els vostres drets contactant amb nosaltres C\/ Sant Joan 6 08392 Sant Andreu de Llavaneres (Barcelona). Email: comercial@sibilla.es<\/p>\n<p>Si considereu que els vostres drets no s'han at\u00e8s degudament, teniu dret a presentar una reclamaci\u00f3 davant l'autoritat de control a www.aepd.es<\/p>\n<p>&nbsp;<\/p>\n<p>&nbsp;<\/p>\n<p><strong>Tractament de dades de menors d'edat<\/strong><\/p>\n<p>Qui facilita les dades a trav\u00e9s dels formularis d'aquesta web i accepta el seu tractament declara ser major de 14 anys, i queda prohibit l'acc\u00e9s i l'\u00fas del portal a menors d'aquesta edat. Si en algun moment, el Responsable detecta que un menor de 14 anys ha proporcionat dades de car\u00e0cter personal, procedirem a cancel\u00b7lar-les. Aix\u00ed mateix, els pares o tutors podran en qualsevol cas dirigir-se a FLORS SIBILLA per bloquejar el compte d'acc\u00e9s dels menors a c\u00e0rrec seu que s'hagin registrat falsejant la seva identitat.<\/p>\n<p>&nbsp;<\/p>\n<p>&nbsp;<\/p>\n<p><strong>Tractament de Cookies:<\/strong><\/p>\n<p>Una cookie \u00e9s un petit fitxer que es descarrega i emmagatzema a l'ordinador de l'usuari quan aquest accedeix a una p\u00e0gina web. Les Cookies permeten al web, entre altres coses, emmagatzemar i recuperar informaci\u00f3 sobre els h\u00e0bits de navegaci\u00f3 de l'usuari o del seu equip i, depenent de la informaci\u00f3 que continguin i de la manera com utilitzi el seu equip, es poden utilitzar per recon\u00e8ixer l'usuari .<\/p>\n<p>L' usuari t\u00e9 l'opci\u00f3 d'impedir la generaci\u00f3 de cookies, mitjan\u00e7ant la selecci\u00f3 de la corresponent opci\u00f3 al vostre programa de navegador. Podeu obtenir m\u00e9s informaci\u00f3 llegint la nostra Pol\u00edtica de Cookies.<\/p>\n<p>&nbsp;<\/p>\n<p>Pol\u00edtica de privacitat actualitzada a 12-07-2023<\/p>\n<p>&nbsp;<\/p>\n<p>FLORS SIBILLA<br \/>\nC\/ Sant Joan 6 08392 Sant Andreu de Llavaneres (Barcelona)<\/p>\n\n\t\t<\/div> \n\t<\/div> <\/div><\/div><\/div><\/div><\/div><\/div>\n<\/section>","protected":false},"excerpt":{"rendered":"Responsable del Tratamiento &nbsp; La empresa responsable del tratamiento de sus datos en virtud de esta Poli\u0301tica de privacidad es: SUSANNA SIBILLA BRUGUERA (FLORS SIBILLA) NIF: 77606885D Domicilio: C\/ Sant Joan 6 08392 Sant Andreu de Llavaneres (Barcelona) Direccio\u0301n de correo electro\u0301nico: comercial@sibilla.es Web: www.sibilla.es...","protected":false},"author":1,"featured_media":0,"parent":0,"menu_order":0,"comment_status":"closed","ping_status":"closed","template":"full_width.php","meta":{"footnotes":""},"class_list":["post-1346","page","type-page","status-publish","hentry"],"_links":{"self":[{"href":"https:\/\/sibilla.es\/cat\/wp-json\/wp\/v2\/pages\/1346","targetHints":{"allow":["GET"]}}],"collection":[{"href":"https:\/\/sibilla.es\/cat\/wp-json\/wp\/v2\/pages"}],"about":[{"href":"https:\/\/sibilla.es\/cat\/wp-json\/wp\/v2\/types\/page"}],"author":[{"embeddable":true,"href":"https:\/\/sibilla.es\/cat\/wp-json\/wp\/v2\/users\/1"}],"replies":[{"embeddable":true,"href":"https:\/\/sibilla.es\/cat\/wp-json\/wp\/v2\/comments?post=1346"}],"version-history":[{"count":0,"href":"https:\/\/sibilla.es\/cat\/wp-json\/wp\/v2\/pages\/1346\/revisions"}],"wp:attachment":[{"href":"https:\/\/sibilla.es\/cat\/wp-json\/wp\/v2\/media?parent=1346"}],"curies":[{"name":"wp","href":"https:\/\/api.w.org\/{rel}","templated":true}]}}